(i) = -i**3 + 7*i + 13. Let y be 3/(-2) + 2 + (-115)/(-10). Suppose r + 2*v + 3 = -3, -2*r - v = y. What is the tens digit of b(r)?
8
Let q(j) = -j**3 + 21*j**2 - 89*j - 4. Let d be q(6). Suppose 0*w = w + d*v - 214, -5*w = 3*v - 1056. What is the tens digit of w?
1
Let r(x) = 135*x**2 - 156*x - 74. What is the tens digit of r(-11)?
7
Suppose 16*x - 13*x - 14*i = 163338, 217642 = 4*x + 5*i. What is the tens digit of x?
1
Let t(n) = -4*n - 8. Let b be t(-8). Suppose 2*w + 3*x - 714 = 0, 1109 = 3*w - 29*x + b*x. What is the units digit of w?
3
Let h(z) = z**2 - 4*z - 13. Let q be h(6). Let f be (-4)/((-24)/318) + (q - 0). Let k = 39 + f. What is the tens digit of k?
9
Suppose 2*l + 2*z + 6 = -z, l - 4*z = 8. Suppose l = -2*v + 4*b + 234, 7*v + 5*b = 8*v - 123. What is the units digit of v?
3
Let l(f) = 1911*f**3 + 15*f**2 - 21*f + 67. What is the tens digit of l(3)?
3
Let f(m) = m**3 - m**2 - 2*m. Suppose 4*t + h + 2*h - 2 = 0, 4*h - 11 = 3*t. Let p be f(t). What is the units digit of (-2 - p/3)*-2?
4
Let i be ((-52)/(-24) - -1) + (-1)/6. Suppose -25 = -3*u - 31, 3*v - 4047 = -i*u. What is the thousands digit of v?
1
Let p(u) = -17*u - 19. Let c(x) = -52*x - 56. Let w(v) = 6*c(v) - 17*p(v). Let m be w(-4). Let z = m - -109. What is the hundreds digit of z?
1
Let u(c) = -46 + 37*c + 182*c - 51*c. What is the tens digit of u(2)?
9
Let f = -42978 - -65906. What is the hundreds digit of f?
9
Let f(s) = -s**3 - s**2 - s + 5. Let k be f(0). Suppose t + 2*t - k*j + 39 = 0, 36 = -3*t + 4*j. What is the hundreds digit of ((810/(-8))/3)/(t/32)?
1
What is the hundreds digit of (2 - 1 - -31253)*18/36?
6
Let x = 220 - 502. Let d = -148 - x. What is the hundreds digit of d?
1
What is the tens digit of (50506/(-3))/(68/(-204))?
0
Let d(x) = -2778*x**3 + 5*x**2 + x - 2. What is the thousands digit of d(-1)?
2
Let i = 346 - 342. Let b(h) = 58*h**2 - 20*h - 7. What is the units digit of b(i)?
1
Suppose 4*i + 32 = 32. What is the units digit of i + 0 + -2 + (-2 - -203)?
9
Suppose -119 - 56 = -5*w. Let n = -38 + w. What is the tens digit of (13/3)/((-1)/(-15)) + n?
6
Let w(h) = 47*h**3 - 11*h**2 + 6*h + 11. What is the hundreds digit of w(6)?
8
Let v(k) = -k**3 + 6*k**2 - 10*k + 19. Let t be v(3). Suppose 8*i - t*i = -3120. What is the units digit of i?
0
What is the tens digit of (-690099)/(-95)*30/18?
0
Let r be 4 - (0/(-10))/(0 + 2). Suppose 0*p - 51 = -p - 5*h, -324 = -4*p + r*h. What is the units digit of (p/3)/(20/30)?
8
Let d be (-423)/6 + (20/(-8) - -4). Let q = d - -68. Let k(f) = -136*f - 4. What is the units digit of k(q)?
2
Let s = 67 + -63. Suppose 5*q = -3*j + 1, 4*q = s*j + 5*q - 7. Suppose j*u - 312 = -2*u. What is the units digit of u?
8
Let x = -556 - -573. Suppose -9*a - 5760 = -x*a. What is the units digit of a?
0
Let k(z) = -z**3 + 72*z**2 - 295*z + 135. What is the units digit of k(67)?
5
Let x be 6/1*(-14)/(-28). Let g(q) = 2*q - 2 - x*q**2 + 5*q**2 + 5*q**2 - 2*q**2. What is the tens digit of g(-5)?
1
Let h = 434 - 434. Let q(a) = -10*a**3 - a**2 + 4*a + 3. Let x be q(-2). Suppose h = n - 6 - x. What is the tens digit of n?
7
Suppose 122*v + 6 = 125*v. Suppose -2*j + 769 = -3*f, j - 2*j + v*f + 386 = 0. What is the units digit of j?
0
Suppose 6*s - 409 = 143. What is the tens digit of s + 4/((-12)/(-6))?
9
Suppose 2*f + 2*g - 10015 - 1035 = 0, 2*f + 3*g - 11054 = 0. What is the hundreds digit of f?
5
Let z(k) = 4*k**2 + 192*k + 209. What is the hundreds digit of z(68)?
7
Suppose 0 = -3*b + 14808 + 3699. What is the thousands digit of b?
6
Suppose -3*h + 2*n - 6*n + 8 = 0, n + 17 = 4*h. Suppose 4 + h = -2*y, 5*i + 5*y = 675. What is the tens digit of i?
3
Suppose 15*r - 65 = -5. Suppose 2*o + 4*x = 2*x + 1714, 1696 = 2*o - r*x. What is the units digit of o?
4
Let x be (-1*1)/(4/2348). Let k = x - -1130. What is the units digit of k?
3
Suppose 5*t - 4*r = 124, 0*t - 3*t + 5*r = -77. What is the hundreds digit of (-6)/t + 1 + 5814/24?
2
Suppose -4230 = -12*y + 9*y. Let h be (-29)/9 + 3 - y/(-27). Let w = -42 + h. What is the units digit of w?
0
Let w(n) = 16*n**3 - 3*n**2 + 2*n + 4. Let f = 37 + -34. What is the units digit of w(f)?
5
Let k(q) = -q + 6. Let x be (-16)/6*4*(-9)/24. Let c be k(x). Suppose c*a = -2*h + 28, -32 = -3*h - 5*a - 0. What is the units digit of h?
9
Let i(x) = -1774*x + 8234. What is the tens digit of i(-23)?
3
Suppose 0 = 46*q - 191298 - 9584. What is the units digit of q?
7
Let i = -10980 + 19236. What is the hundreds digit of i?
2
Let s(f) = 7 + 4*f - 13 + 4. Let i be s(4). Suppose 0 = i*z - 10*z - 332. What is the tens digit of z?
8
Suppose 5*w + 4156 = -t + 34377, w = 4*t + 6040. What is the thousands digit of w?
6
Let g be ((-30)/20)/((18/160)/(-3)). Suppose -2*h = 52 - g. What is the tens digit of (-256)/(-12)*(-2 - 57/h)?
6
Let y(n) = 3*n**2 + 12. Let o be y(-3). Suppose 40*v = o*v. Suppose -k + 48 + 71 = v. What is the hundreds digit of k?
1
Suppose 4393 = 3*y + h, -8*y - 7319 = -13*y + h. Suppose -l - y = -5*l. What is the units digit of l?
6
Let v(h) = 238*h**2 + 53*h + 840. What is the ten thousands digit of v(-9)?
1
Let v = 13781 - -44505. What is the units digit of v?
6
Suppose 2*j + 2*b - 32990 = -10298, -2*j = b - 22690. What is the units digit of j?
4
Let z(q) = -15*q + 100. Let s be z(9). What is the tens digit of (6 - (-224)/s)*-300?
2
Let u(c) = c**3 - 188*c**2 - 154*c - 798. What is the units digit of u(191)?
1
What is the units digit of -4 + -1 - (-2682 + 9 + 11)?
7
Let c(h) = 93*h + 172. Let p be c(9). Suppose t = -287 + p. What is the tens digit of t?
2
Suppose 3*o - 2*w + 12 = 0, -3*w + 1 = -o - 10. Let r be ((-60)/14)/((o - 0)/14). Suppose -228 = r*k - 31*k. What is the tens digit of k?
2
Let p be 2/(-7 - -17)*10. Suppose 5*j - 5*n - 3689 = -n, p*j + 5*n - 1502 = 0. What is the tens digit of j?
4
Suppose -6*k + 18540 = -5*w + 3*w, 2*k - 6169 = -3*w. What is the tens digit of k?
8
Suppose -3*p + 96 = -11*p. Let n(v) = -v**3 - 16*v**2 - 3*v - 11. Let r be n(p). Let g = r + 837. What is the hundreds digit of g?
2
Let b(k) = k**3 - 11*k**2 - 8*k - 6. Let p be b(12). Suppose -5*j - 5*m = 60, m + p = -j - 2*j. Let x = 73 + j. What is the units digit of x?
8
Let z = 7 - 0. Let m be (-10)/35 - (-2)/z. What is the units digit of (m - 1*-24)*(6 - 5)?
4
Let r(x) = 6*x**2 + 50*x - 368. What is the hundreds digit of r(-35)?
2
Let q be 13/1 + 1*-1 + -1. Suppose -d - 180 = -q*d. What is the units digit of (4*3/d)/(3/225)?
0
Let i(w) = 126*w**2 + 23*w + 81. What is the units digit of i(-7)?
4
Let j = 276 - 273. Suppose 0 = 2*t - j*v + v - 1950, 4851 = 5*t + v. What is the tens digit of t?
7
What is the thousands digit of (2 - 6 - -4) + (6064 - 9/3)?
6
Suppose -13604 = -12*b + 19780. What is the units digit of b?
2
Let v(i) = -i**3 - 11*i**2 - 9*i + 16. Let l be v(-10). Suppose -14 = -l*r + 10. Let a(t) = 39*t - 20. What is the hundreds digit of a(r)?
1
Let x = -349 - -349. Let a(u) = -4*u**2 - u + 104. What is the tens digit of a(x)?
0
What is the thousands digit of (-24035 - -5 - -5)*9/(-9)?
4
Suppose 15*f - 77*f - 121*f + 6027471 = 0. What is the thousands digit of f?
2
Let i be 20080/36 - ((-96)/(-54))/(-8). What is the tens digit of 46/115 + i/5?
1
Let a(l) = -1 + 17*l**2 - 8*l + 6*l - 1. Let s be a(2). Suppose 30 = q - s. What is the units digit of q?
2
What is the hundreds digit of 14 - (-1049 - (-1 + -13))?
0
Let u = 111 - 103. Let m(w) = 41*w - 10. What is the hundreds digit of m(u)?
3
Let o(b) be the first derivative of b**4/12 - 3*b**3 - 21*b**2 + 13*b - 25. Let t(a) be the first derivative of o(a). What is the hundreds digit of t(-11)?
2
Let n be (-4)/(-6) - ((-172)/12 - -8). What is the units digit of 135 - (-3 - n)/(-2)?
0
Let g be -1 - -1 - 2876/4. Let z = 1091 + g. Suppose -18*c + 21*c = z. What is the units digit of c?
4
Let k be (32 - -2) + 8 + -9. Suppose i - k = -37. What is the units digit of ((-8)/(-6))/i + (-26)/(-6)?
4
What is the tens digit of ((-780871)/52)/(-7)*4?
8
Let s(u) be the third derivative of 2*u**6/15 + u**5/30 - u**4/24 + u**3/6 + 48*u**2. What is the units digit of s(1)?
8
Let a(s) = 2*s + 115. Let d be a(0). What is the tens digit of ((114/(-5))/(-2))/(23/d)?
5
Let n(d) = -15*d - 6. Let q be (-4)/12 - 10/(-3). Let p(s) = s - 10. Let t be p(q). What is the tens digit o